(6). Let w = j + 1. Let n(z) = z**3 + z**2 + z + 20. Let v be n(w). What is the highest common divisor of v and 5?
5
Let l be (1 + -1 - -1) + 62. Let c = -44 - -43. Let o = 10 + c. Calculate the highest common factor of o and l.
9
Suppose -6*d + 20 = -d. Suppose -2*c = d*i - 18, -i + c - 3 = -c. Let z = 72 + i. Calculate the greatest common factor of z and 15.
15
Let l(j) be the first derivative of 21*j**4/4 + 2*j**3/3 - j**2/2 - 5. Let v be l(1). What is the highest common divisor of v and 55?
11
Suppose 3*s - 10 = 2*s. Suppose 3 = u - s. Let l = -20 + 33. Calculate the highest common factor of u and l.
13
Let b = -1 - -3. Let x(n) = -6*n. Let w be x(-3). Calculate the highest common divisor of w and b.
2
Let j = 42 + -40. Suppose -2*s = -1 - 3. Let p be 24 + -1*(j - s). What is the greatest common factor of 60 and p?
12
Let v = 1 + 2. Let q(x) = 0*x + x - 2*x**2 - x**v + 3*x. Let a be q(-4). What is the highest common divisor of 24 and a?
8
Suppose 2*w - 2*d + 6 = 0, -3*d = -2*w - 7*d. Let u be (-4)/3*24/w. Let v(y) = 4*y**2 - 7*y + 4. Let b be v(4). Calculate the highest common factor of b and u.
8
Let y = -49 - -61. Let d be (-1)/(2/(-72)*1). What is the highest common factor of d and y?
12
Let t be (-1 - -1)*14/42. Suppose 4*a - 113 - 15 = t. What is the greatest common factor of a and 4?
4
Suppose -146 = -5*k - 4*j, -2*j - 48 = -2*k - j. What is the greatest common factor of k and 234?
26
Let o(l) = -l + 4. Let p be o(-5). What is the greatest common factor of 9 and p?
9
Let v be 7/28 - 31/(-4). Let i = 99 + -11. What is the greatest common factor of v and i?
8
Suppose 4*q + 2*v - 3 = -1, 5*v - 5 = 5*q. Suppose 0 = -q*i - 2*i + 28. Calculate the highest common divisor of i and 98.
14
Let o = 177 + -175. Let t(i) = 5*i - 2. Let c be t(2). Calculate the greatest common factor of c and o.
2
Let s be ((-10)/(-4))/5*960/8. What is the highest common divisor of 15 and s?
15
Let s = 65 + 20. Suppose -f = -6*f - s. Let p be -3 + 1 - -3 - f. Calculate the greatest common factor of p and 6.
6
Suppose -5*y + 4*i + 416 = 0, -5*y + 5*i = 3*i - 408. What is the greatest common divisor of 8 and y?
8
Suppose -4*x = -3*u - 84 - 45, 0 = -5*x + 3*u + 159. Let i = x + -9. Calculate the greatest common divisor of 84 and i.
21
Suppose 4 = -3*s + 31. Suppose 5*g = -3*k - 144 - 23, -k = -5*g + 49. Let l = k - -90. What is the highest common factor of l and s?
9
Suppose -4*o + 7 = 95. Let d be ((-2)/2 + 0)*-41. Let l = o + d. Calculate the highest common factor of 19 and l.
19
Let a(i) = -i**3 - 8*i**2 + 5*i - 8. Let w be a(-9). Let t = -6 - -10. What is the highest common factor of w and t?
4
Suppose -144 = -3*k - k. Suppose -3*d = -14 - 1. Let u = d - -4. What is the highest common divisor of k and u?
9
Let o be -1*2/6*0. Suppose o = 4*y + 93 - 333. Calculate the greatest common factor of 24 and y.
12
Suppose w + 2 = n, -2*w - 2*n + 12 = -0*n. Calculate the highest common divisor of w and 14.
2
Let d = -415 - -716. Calculate the highest common factor of d and 43.
43
Let n(s) = 127*s**3 - 1. Let l be n(1). Suppose -3*q + 23 = -c + 2*c, -5*q + 85 = 5*c. What is the highest common factor of c and l?
14
Let m = -3 - -23. What is the highest common divisor of 220 and m?
20
Suppose -2*t + 6 = -2*f, 4*f + 5 = 1. Suppose -2*n + 2*i + 583 = 3*n, 2*n + t*i = 222. Calculate the greatest common divisor of 23 and n.
23
Suppose -2*a = 3*a - 30. Let w be (10/a)/((-1)/(-3)). Suppose 1 = 6*y - 5. Calculate the greatest common factor of w and y.
1
Let a = 58 - 36. What is the highest common divisor of a and 66?
22
Let o(k) be the second derivative of k**3/2 - k**2/2 + k. Let b = 1 - -4. Let q be o(b). What is the greatest common factor of q and 70?
14
Suppose -y - y + 10 = 0. Suppose 5*w - 5*u - 263 = -u, -5*w + 269 = -2*u. Calculate the highest common factor of w and y.
5
Suppose -5*k + k - 1 = -5*n, 3*k + 21 = -3*n. Let s = 3 + n. Suppose s*w = -3*f - 2*w + 44, -5*w = 4*f - 47. Calculate the highest common factor of 6 and f.
6
Suppose -25 = 2*t + 3*t. Let w(q) = -2*q + 4. Let n be w(t). Calculate the highest common divisor of 42 and n.
14
Let f(c) = 2*c + 6. Let x be f(3). What is the highest common factor of 48 and x?
12
Suppose 2*n + 4*z = -3*n + 542, 5*z + 560 = 5*n. Calculate the greatest common factor of 22 and n.
22
Let r = -12 + 2. Let w be 2/r - 684/(-45). What is the greatest common divisor of 135 and w?
15
Suppose -9*m + 10*m = 1. Let g(j) = 4*j + 2. Let d be g(-6). Let v be m - (d - (2 - 1)). What is the greatest common divisor of 216 and v?
24
Suppose 5*b = -2*l + 198, -3*l + 2*l + 199 = 5*b. What is the highest common divisor of 8 and b?
8
Let j(n) = -n - 4. Let x be j(-6). Suppose -u + 12 - x = 0. Calculate the highest common divisor of u and 2.
2
Let c be (((-9)/(-6))/1)/((-6)/(-16)). What is the highest common factor of c and 32?
4
Let o(d) = 14*d + 33. Let m be o(3). Calculate the greatest common divisor of m and 15.
15
Suppose 0 = -x - 4*x + 20. Let z(w) = 7*w**2 + w + 5. Let q be z(x). What is the greatest common factor of q and 11?
11
Let v = -1 + 3. Suppose v + 1 = -l. Let x = -1 - l. What is the highest common divisor of x and 16?
2
Suppose 50 + 22 = 4*c. What is the greatest common divisor of c and 198?
18
Let x be 0 - (-25*3 - 3). What is the highest common divisor of x and 52?
26
Let k(h) = 138*h + 4. Let t be k(2). Calculate the highest common factor of t and 35.
35
Let v(x) = -5*x**2 + x**3 - 10 + 4*x**2 - 4*x - 2*x**2 - 3*x**2. Let h be v(7). Calculate the highest common factor of h and 11.
11
Let i be (288/10)/(5/(-50)*-2). What is the greatest common factor of 18 and i?
18
Let p(n) = -2*n**3 - 3*n - 3. Let r(d) = 3*d**3 + 5*d + 6. Let k(x) = -5*p(x) - 3*r(x). Let v be k(3). What is the highest common factor of v and 12?
12
Suppose 409 = 4*i - 5*r - 212, -4*r + 304 = 2*i. Calculate the highest common divisor of 22 and i.
22
Let s = -11 - -25. Calculate the highest common factor of 70 and s.
14
Let g = 42 - 30. Suppose g = -4*y + 4*a, 4*a - 3*a + 21 = -2*y. Let j = y + 18. What is the greatest common divisor of j and 25?
5
Let l(r) = r**3 - 18*r**2 - r + 24. Let p be l(18). What is the highest common divisor of 54 and p?
6
Let a = 24 - 12. What is the greatest common divisor of a and 24?
12
Let n(c) = 24*c**2. Suppose 3*x = 2*z + 9 + 4, 0 = z + x - 6. Let q be n(z). What is the greatest common divisor of 60 and q?
12
Let o = 9 + -7. Let c = 8 - o. Suppose -4*k + c = -78. Calculate the highest common divisor of 63 and k.
21
Let p(u) = 89*u**2 - u. Let r(b) = -b**2 - 4*b - 6. Let l be r(-4). Let q = l + 5. Let v be p(q). What is the highest common factor of 10 and v?
10
Let z(u) = 7*u**3 - 3*u**2 + u + 4. Let c be z(2). Let g(y) = -y**3 + 5*y**2 + 7*y + 4. Let s be g(6). What is the greatest common divisor of c and s?
10
Suppose 0 = -2*o - 3*n - 2*n + 35, 0 = 2*o - n - 41. Let i = o + 4. What is the highest common factor of i and 36?
12
Let p(m) = m**2 - 5*m - 3. Let g be p(7). Suppose -2*c = -5*w + 62, -5*w + 14 + 72 = 4*c. Let t = 25 - w. Calculate the highest common divisor of t and g.
11
Suppose -3*c = -5*l + 20, 16 = -c + 3*c + 4*l. Let o be (-6 - -9) + (c - 2). Let n = 4 - 1. Calculate the greatest common factor of o and n.
1
Suppose 7*f + 190 = 12*f. Calculate the greatest common divisor of 19 and f.
19
Let k be (-606)/(-15) + 2/(-5). Calculate the greatest common factor of 60 and k.
20
Let n = 122 + 39. What is the greatest common divisor of 23 and n?
23
Let a = -73 + 77. Let m(p) = 28*p**3 - p**2 + 1. Let s be m(1). Calculate the greatest common factor of s and a.
4
Let v be 0 + -1 + 1 - -100. Suppose v = m - 5*g, -4*m + g + 312 = 3*g. Calculate the highest common divisor of 32 and m.
16
Suppose -3*i + 3 = -15. Let a be i/(-12)*-4*1. Suppose a*c = -3*n + 10, -c + 4*n + 15 = 2*c. What is the greatest common divisor of 15 and c?
5
Let n = -60 - -87. Suppose 3*m - 44 = m - 2*c, -4*m - c + 76 = 0. What is the greatest common factor of n and m?
9
Suppose 2*i = 4*q - 882 + 334, -2*i = q - 142. Calculate the greatest common divisor of 46 and q.
46
Suppose 2*c + 4*j - 60 = 0, -2*c - 3*c + 115 = 3*j. Let g be (-4)/(-14) + (-1396)/(-14). Calculate the greatest common factor of c and g.
20
Suppose 0 = 3*n - 4*m - 63, -m + 2*m - 31 = -2*n. What is 